of b?
4
Let b = -567 + 1199. Suppose 4*w = -4*w + b. Suppose -5*c + 2*a + 343 = -0*c, -w = -c + 3*a. What is the tens digit of c?
6
Suppose -4*c = -88 - 40. Let s = c + -14. What is the units digit of (0 - -2 - (-1)/1)*s?
4
Let g be (6/8)/(31/124). Suppose -11*r - g*f = -10*r - 167, 4*f - 476 = -3*r. What is the hundreds digit of r?
1
Let i(r) = 104*r**2 + 4*r - 12. Let s be i(2). Let l = s + -92. What is the tens digit of l?
2
Let g(k) = k**2 - 7*k + 3. Let s be g(7). Let v be 52/(1 - -3) - s. What is the units digit of ((-450)/v)/((-3)/4)?
0
Let u(h) = -7011*h - 477. What is the ten thousands digit of u(-2)?
1
Let s(v) = 117 - 2*v - 34*v**2 + v**3 + 36 + 62*v**2 - 27*v**2. What is the hundreds digit of s(0)?
1
Let h(m) = 7*m**2 - m - 2. Suppose 0 = -2*o + b - 0*b - 8, 0 = 3*o - b + 14. Let z be ((-58)/(-87))/((-2)/o*1). What is the tens digit of h(z)?
2
Let v(p) = p**3 + 9*p**2 - 9*p + 5. Suppose 6*h = h + 10. Suppose -7*t + h*t = 45. What is the units digit of v(t)?
6
Let c(g) = -g**3 - 2*g**2 + 3*g + 1. Let b be c(-3). Let t be 57/(-171) + (-68)/3. What is the tens digit of (-2)/4*b - t/2?
1
Let j(v) = 5*v**2 - 12*v + 92. Let r be j(17). Suppose -3*s = -218 - r. What is the units digit of s?
7
Let z(r) = 0*r + 0*r + 162 - 3*r + r + 3*r. What is the tens digit of z(12)?
7
Let v be 6/21 + -1*160510/(-49). Suppose v + 452 = 8*j. What is the tens digit of j?
6
Let j(q) = -623*q + 1212. What is the hundreds digit of j(-12)?
6
Suppose -31*f + 188599 = -137490. Suppose 20*n = 6421 + f. What is the units digit of n?
7
Suppose -5*x + 36 = -4*m, -5*x + 45 = -2*m + 17. Suppose -3 = -x*d + 13, 5*t + 4*d - 2391 = 0. What is the units digit of t?
5
Let c = 155 + -150. Suppose -4*k = -k - c*b - 1174, 5*b + 1940 = 5*k. What is the hundreds digit of k?
3
Let z(a) = 5*a + 54. Let c be z(-10). Suppose -700 = -c*v + d - 88, 5*d = -3*v + 482. What is the hundreds digit of v?
1
Suppose 0 = 12*j - 56 + 56. Suppose j = -9*i + 11306 - 740. What is the thousands digit of i?
1
Let t = 6288 + 15568. What is the units digit of t?
6
Let o = -32 - -53. Suppose 24*l - 216 = o*l. What is the units digit of l?
2
Let n(m) = -m**3 + 7*m**2 + 2*m - 8. Let t be n(7). Let q(y) = -6*y - 65 + 55 - t*y + 40. What is the units digit of q(-20)?
0
Let g(t) = t**2 - 36. Let v = 82 + -101. What is the tens digit of g(v)?
2
Let l(c) = -2*c**2 + 55*c + 45. Let v be l(28). Suppose 4*z = v*z - 10361. What is the tens digit of z?
9
Suppose 5*v + 3*h = -16, -6*v + 0*v - 2 = -5*h. What is the tens digit of (55/(-25) - v) + (-24036)/(-30)?
0
Let t(v) = 4*v**2 - 287*v - 12. What is the units digit of t(90)?
8
Suppose -177*x + 181*x + f - 49780 = 0, -f = 5*x - 62226. What is the ten thousands digit of x?
1
Let o(y) = 2*y + 9. Let n(h) = 3*h + 19. Let s(k) = -3*n(k) + 5*o(k). Let q be s(12). Suppose -4*f = q, -t - 2*f + 92 = 2*f. What is the units digit of t?
2
Suppose 74*v = 73*v - 1, 0 = 6*z + v - 167231. What is the tens digit of z?
7
Suppose -18*h - 2*r = -20*h - 2410, r = -4. Let m = -289 - h. What is the hundreds digit of m?
9
Suppose -5385 = 8*w + 1663. Let c = 1509 + w. What is the units digit of c?
8
What is the tens digit of (-390)/(-9)*(-13560)/(-200)?
3
Let j(s) = -s**2 + 8*s - 8. Let a be j(3). Let k = a + 2. Suppose -68 - 103 = -k*y. What is the units digit of y?
9
Suppose -2*c - 17 + 41 = 5*d, -4*d - 5*c = -26. Suppose -d*w = 166 + 54. What is the hundreds digit of 62*((-4)/(-6) + w/(-30))?
1
Suppose 2*j = -2 + 6. Let q be 25/j*24/5. Suppose -t - 17 = -q. What is the tens digit of t?
4
Let b(f) = 461*f**2 + 5*f + 3. Let h be b(-1). Let q = h - 68. What is the tens digit of q?
9
Suppose -5*q - v + 29584 = 0, -156*q + 4*v - 29581 = -161*q. What is the hundreds digit of q?
9
Suppose 0 = 2*s + 37*z - 35*z - 37228, 0 = -4*s + 3*z + 74484. What is the hundreds digit of s?
6
Let u = 1946 - -630. Let s = 3609 - u. What is the tens digit of s?
3
Let w be ((-16)/4 - -5) + 42. Let r = -39 + w. Suppose 3*y - 262 = -r*h, -y + 5*h = 3*y - 339. What is the units digit of y?
6
Let o = -55 - -50. Let x(t) = -140*t - 45. What is the hundreds digit of x(o)?
6
Let b(k) = k**3 - 3*k**2 + 2*k. Let f be b(2). Suppose f = -2*r - v + 546, -6*v = r - 7*v - 267. What is the tens digit of r?
7
Let d(j) = 4*j - 31*j - 40*j - 15*j - 126. What is the hundreds digit of d(-8)?
5
Let s = -35 - -38. Let w(o) = 9*o + 3 - 11 - s*o. What is the tens digit of w(6)?
2
What is the tens digit of (-362082)/(-12) - ((-9)/6 + 4)?
7
Let b(l) = -36*l**3 + 6*l**2 + 16*l + 54. Let p be b(-4). What is the tens digit of p/6 + 2 + (-16)/12?
9
Let i(b) = -3*b**2 - 49*b + 44. Let g be i(-15). Let k = 317 - g. What is the hundreds digit of k?
2
Let y = 98 + -77. Suppose 21*q - y = 20*q. Suppose 147 = d - q. What is the units digit of d?
8
Let j = 760 - 436. Suppose 320 = -2*r - 116. Let f = r + j. What is the hundreds digit of f?
1
Let w(o) = 6 + 1367*o + 41 + 115*o**2 - 1350*o. Let z be w(-4). Suppose -18*c + 1349 = -z. What is the hundreds digit of c?
1
Let d(x) = 39*x + 32*x - 58 + 0*x - 7*x. What is the hundreds digit of d(8)?
4
Let l = 3988 + -7034. Let k = 4354 + l. What is the thousands digit of k?
1
Let a(b) be the second derivative of 7*b**3/6 + b**2/2 - 2*b. Let i(m) = m**3 + 6*m**2 - 2*m + 2. Let h be i(-6). What is the units digit of a(h)?
9
What is the hundreds digit of 2446 - (140/14 + -12)?
4
Let g = 55 + -28. Let v = 175 - 102. Suppose -g + v = 2*w. What is the tens digit of w?
2
Let i(a) = -a**3 - 55*a**2 + 32*a - 1231. What is the thousands digit of i(-62)?
3
Suppose 6*h = h - 4*h + 26343. What is the thousands digit of h?
2
Let r = 38394 - 5598. What is the ten thousands digit of r?
3
Let z(a) = 71*a**3 - 10*a**2 + 110*a - 114. What is the units digit of z(9)?
5
Let n(j) = j**2 - j - 1. Let a(v) = -2*v**2 + 2*v + 7. Let z(w) = -a(w) + 2*n(w). Let m be z(5). Let p = m + 7. What is the units digit of p?
8
Suppose 4*l - 35 - 1 = -4*s, -4*l = 5*s - 48. Suppose -18*q + 1842 = -s*q. What is the hundreds digit of q?
3
Let t = -60 + 152. Let n be ((-5543)/t)/(-1*2/8). Let y = n + -131. What is the tens digit of y?
1
What is the hundreds digit of (-1009606)/(-104) - (2/12 + (-70)/168)?
7
Suppose 5*l + 4 = 14. Suppose -5*y + 277 = g, -g = -l*g + y + 295. Suppose 0 = 3*o - g - 29. What is the units digit of o?
7
Let c = 588 + -590. Let a(g) = 15*g**2 - 4*g + 5. What is the units digit of a(c)?
3
Let b be (80/70)/((3 + -7)/(-28)). Suppose -2*s = b*s - 12850. What is the thousands digit of s?
1
Let c be (52/(-14))/(2 - 60/28). What is the hundreds digit of 396 + (-28)/(-98) + c/7?
4
Suppose -4*z + 9708 = 2972. What is the thousands digit of z?
1
Let o(l) = -l**3 - 3*l**2 + 7*l + 2. Let r be o(2). Let x be ((2 - -1) + -4)*31. What is the tens digit of (5 + x + r)*2/(-4)?
1
Let m = -40 + 42. Suppose -2*p + m*r + 2 = 0, 0 = 4*p + r + r - 10. What is the tens digit of 2/p - (-1 + -55) - 3?
5
Let w(x) = 2*x**3 - 14*x**2 - 9*x + 19. Let y be w(8). Suppose y*k - 61*k = 3430. What is the hundreds digit of k?
2
Suppose -4*q + 4*d + 120991 = 1591, -2*q - 4*d = -59718. What is the thousands digit of q?
9
Let y be 3/((-2)/8 - -1). Suppose y*a = 3*f + 9, a = 4*f - f + 9. Suppose 4*d = 3*t - 188, a = 3*t + 3*d - d - 176. What is the units digit of t?
0
Suppose 0 = -5*a - 110*t + 105*t + 66700, a + 3*t = 13326. What is the tens digit of a?
4
Suppose -5*q + 15 = 0, 0 = -7*b + 4*b + 4*q - 18. What is the hundreds digit of 471/(8/b + 5)?
4
Suppose j - 4*w = 21, 5*j - 3*w = 86 - 49. Suppose -4*t - 8 = 0, 4*o = 4*t + 62 + 6. Suppose 2*k - o = -j. What is the units digit of k?
5
Let a = -51 + -41. Let d = a + 146. What is the units digit of d?
4
Suppose -11 = 4*b + 17. Let j(m) = 3*m**2 + 13*m + 5. Let n(a) = -2*a**2 - 12*a - 6. Let q(g) = 5*j(g) + 6*n(g). What is the units digit of q(b)?
5
Let u = 95 + -82. Let b(h) = 3*h**2 - 22*h + 31. What is the hundreds digit of b(u)?
2
Suppose y = 5*y + 3*w + 6, 0 = -5*y - 4*w - 8. Suppose y = 5*s - 4*p - 1475, 4*s - 2*p = 9*s - 1475. What is the hundreds digit of s?
2
Let t(p) = -179*p + 1790. What is the ten thousands digit of t(-73)?
1
Let u = -2449 - -2431. Suppose 5*f - f - 76 = 0. Let g = u + f. What is the units digit of g?
1
Let l = -19 + 22. Suppose -5*h = l*n + 1 + 1, -18 = -h + 4*n. Suppose 3*s